{"id":2823,"date":"2025-05-16T11:55:15","date_gmt":"2025-05-16T11:55:15","guid":{"rendered":"https:\/\/info.learnlab.net\/smj\/?page_id=2823"},"modified":"2025-11-27T14:21:48","modified_gmt":"2025-11-27T14:21:48","slug":"aavddaanimdadjadus","status":"publish","type":"page","link":"https:\/\/info.learnlab.net\/smj\/aavddaanimdadjadus\/","title":{"rendered":"\u00c5vdd\u00e5nimd\u00e1djadus"},"content":{"rendered":"<h2>En vanlig bekymring i skolen i dag er at elever bruker kunstig intelligens til \u00e5 gj\u00f8re oppgaver uten egentlig \u00e5 l\u00e6re noe. Learnlab l\u00f8ser dette med et verkt\u00f8y som heter <strong>Progresjonsinnsikt<\/strong>.<\/h2>\n<p>&nbsp;<\/p>\n","protected":false},"excerpt":{"rendered":"<p>En vanlig bekymring i skolen i dag er at elever bruker kunstig intelligens til \u00e5 gj\u00f8re oppgaver uten egentlig \u00e5 l\u00e6re noe. Learnlab l\u00f8ser dette med et verkt\u00f8y som heter Progresjonsinnsikt. &nbsp;<\/p>\n","protected":false},"author":2,"featured_media":0,"parent":0,"menu_order":0,"comment_status":"closed","ping_status":"closed","template":"","meta":{"_acf_changed":false,"footnotes":""},"class_list":["post-2823","page","type-page","status-publish","hentry"],"acf":[],"yoast_head":"<!-- This site is optimized with the Yoast SEO plugin v24.9 - https:\/\/yoast.com\/wordpress\/plugins\/seo\/ -->\n<title>\u00c5vdd\u00e5nimd\u00e1djadus - Learnlab Lulesamisk<\/title>\n<meta name=\"description\" content=\"En vanlig bekymring i skolen i dag er at elever bruker kunstig intelligens til \u00e5 gj\u00f8re oppgaver uten egentlig \u00e5 l\u00e6re noe.\" \/>\n<meta name=\"robots\" content=\"index, follow, max-snippet:-1, max-image-preview:large, max-video-preview:-1\" \/>\n<link rel=\"canonical\" href=\"https:\/\/info.learnlab.net\/smj\/aavddaanimdadjadus\/\" \/>\n<meta property=\"og:locale\" content=\"en_US\" \/>\n<meta property=\"og:type\" content=\"article\" \/>\n<meta property=\"og:title\" content=\"\u00c5vdd\u00e5nimd\u00e1djadus - Learnlab Lulesamisk\" \/>\n<meta property=\"og:description\" content=\"En vanlig bekymring i skolen i dag er at elever bruker kunstig intelligens til \u00e5 gj\u00f8re oppgaver uten egentlig \u00e5 l\u00e6re noe.\" \/>\n<meta property=\"og:url\" content=\"https:\/\/info.learnlab.net\/smj\/aavddaanimdadjadus\/\" \/>\n<meta property=\"og:site_name\" content=\"Learnlab Lulesamisk\" \/>\n<meta property=\"article:modified_time\" content=\"2025-11-27T14:21:48+00:00\" \/>\n<meta name=\"twitter:card\" content=\"summary_large_image\" \/>\n<meta name=\"twitter:label1\" content=\"Est. reading time\" \/>\n\t<meta name=\"twitter:data1\" content=\"1 minute\" \/>\n<script type=\"application\/ld+json\" class=\"yoast-schema-graph\">{\"@context\":\"https:\/\/schema.org\",\"@graph\":[{\"@type\":\"WebPage\",\"@id\":\"https:\/\/info.learnlab.net\/smj\/aavddaanimdadjadus\/\",\"url\":\"https:\/\/info.learnlab.net\/smj\/aavddaanimdadjadus\/\",\"name\":\"\u00c5vdd\u00e5nimd\u00e1djadus - Learnlab Lulesamisk\",\"isPartOf\":{\"@id\":\"https:\/\/info.learnlab.net\/smj\/#website\"},\"datePublished\":\"2025-05-16T11:55:15+00:00\",\"dateModified\":\"2025-11-27T14:21:48+00:00\",\"description\":\"En vanlig bekymring i skolen i dag er at elever bruker kunstig intelligens til \u00e5 gj\u00f8re oppgaver uten egentlig \u00e5 l\u00e6re noe.\",\"breadcrumb\":{\"@id\":\"https:\/\/info.learnlab.net\/smj\/aavddaanimdadjadus\/#breadcrumb\"},\"inLanguage\":\"en-US\",\"potentialAction\":[{\"@type\":\"ReadAction\",\"target\":[\"https:\/\/info.learnlab.net\/smj\/aavddaanimdadjadus\/\"]}]},{\"@type\":\"BreadcrumbList\",\"@id\":\"https:\/\/info.learnlab.net\/smj\/aavddaanimdadjadus\/#breadcrumb\",\"itemListElement\":[{\"@type\":\"ListItem\",\"position\":1,\"name\":\"Home\",\"item\":\"https:\/\/info.learnlab.net\/smj\/\"},{\"@type\":\"ListItem\",\"position\":2,\"name\":\"\u00c5vdd\u00e5nimd\u00e1djadus\"}]},{\"@type\":\"WebSite\",\"@id\":\"https:\/\/info.learnlab.net\/smj\/#website\",\"url\":\"https:\/\/info.learnlab.net\/smj\/\",\"name\":\"Learnlab Lulesamisk\",\"description\":\"Digitale verkt\u00f8y for l\u00e6rere og elever\",\"publisher\":{\"@id\":\"https:\/\/info.learnlab.net\/smj\/#organization\"},\"potentialAction\":[{\"@type\":\"SearchAction\",\"target\":{\"@type\":\"EntryPoint\",\"urlTemplate\":\"https:\/\/info.learnlab.net\/smj\/?s={search_term_string}\"},\"query-input\":{\"@type\":\"PropertyValueSpecification\",\"valueRequired\":true,\"valueName\":\"search_term_string\"}}],\"inLanguage\":\"en-US\"},{\"@type\":\"Organization\",\"@id\":\"https:\/\/info.learnlab.net\/smj\/#organization\",\"name\":\"Learnlab Lulesamisk\",\"url\":\"https:\/\/info.learnlab.net\/smj\/\",\"logo\":{\"@type\":\"ImageObject\",\"inLanguage\":\"en-US\",\"@id\":\"https:\/\/info.learnlab.net\/smj\/#\/schema\/logo\/image\/\",\"url\":\"https:\/\/info.learnlab.net\/smj\/wp-content\/uploads\/sites\/23\/2024\/07\/learnlab-logo.svg\",\"contentUrl\":\"https:\/\/info.learnlab.net\/smj\/wp-content\/uploads\/sites\/23\/2024\/07\/learnlab-logo.svg\",\"caption\":\"Learnlab Lulesamisk\"},\"image\":{\"@id\":\"https:\/\/info.learnlab.net\/smj\/#\/schema\/logo\/image\/\"}}]}<\/script>\n<!-- \/ Yoast SEO plugin. -->","yoast_head_json":{"title":"\u00c5vdd\u00e5nimd\u00e1djadus - Learnlab Lulesamisk","description":"En vanlig bekymring i skolen i dag er at elever bruker kunstig intelligens til \u00e5 gj\u00f8re oppgaver uten egentlig \u00e5 l\u00e6re noe.","robots":{"index":"index","follow":"follow","max-snippet":"max-snippet:-1","max-image-preview":"max-image-preview:large","max-video-preview":"max-video-preview:-1"},"canonical":"https:\/\/info.learnlab.net\/smj\/aavddaanimdadjadus\/","og_locale":"en_US","og_type":"article","og_title":"\u00c5vdd\u00e5nimd\u00e1djadus - Learnlab Lulesamisk","og_description":"En vanlig bekymring i skolen i dag er at elever bruker kunstig intelligens til \u00e5 gj\u00f8re oppgaver uten egentlig \u00e5 l\u00e6re noe.","og_url":"https:\/\/info.learnlab.net\/smj\/aavddaanimdadjadus\/","og_site_name":"Learnlab Lulesamisk","article_modified_time":"2025-11-27T14:21:48+00:00","twitter_card":"summary_large_image","twitter_misc":{"Est. reading time":"1 minute"},"schema":{"@context":"https:\/\/schema.org","@graph":[{"@type":"WebPage","@id":"https:\/\/info.learnlab.net\/smj\/aavddaanimdadjadus\/","url":"https:\/\/info.learnlab.net\/smj\/aavddaanimdadjadus\/","name":"\u00c5vdd\u00e5nimd\u00e1djadus - Learnlab Lulesamisk","isPartOf":{"@id":"https:\/\/info.learnlab.net\/smj\/#website"},"datePublished":"2025-05-16T11:55:15+00:00","dateModified":"2025-11-27T14:21:48+00:00","description":"En vanlig bekymring i skolen i dag er at elever bruker kunstig intelligens til \u00e5 gj\u00f8re oppgaver uten egentlig \u00e5 l\u00e6re noe.","breadcrumb":{"@id":"https:\/\/info.learnlab.net\/smj\/aavddaanimdadjadus\/#breadcrumb"},"inLanguage":"en-US","potentialAction":[{"@type":"ReadAction","target":["https:\/\/info.learnlab.net\/smj\/aavddaanimdadjadus\/"]}]},{"@type":"BreadcrumbList","@id":"https:\/\/info.learnlab.net\/smj\/aavddaanimdadjadus\/#breadcrumb","itemListElement":[{"@type":"ListItem","position":1,"name":"Home","item":"https:\/\/info.learnlab.net\/smj\/"},{"@type":"ListItem","position":2,"name":"\u00c5vdd\u00e5nimd\u00e1djadus"}]},{"@type":"WebSite","@id":"https:\/\/info.learnlab.net\/smj\/#website","url":"https:\/\/info.learnlab.net\/smj\/","name":"Learnlab Lulesamisk","description":"Digitale verkt\u00f8y for l\u00e6rere og elever","publisher":{"@id":"https:\/\/info.learnlab.net\/smj\/#organization"},"potentialAction":[{"@type":"SearchAction","target":{"@type":"EntryPoint","urlTemplate":"https:\/\/info.learnlab.net\/smj\/?s={search_term_string}"},"query-input":{"@type":"PropertyValueSpecification","valueRequired":true,"valueName":"search_term_string"}}],"inLanguage":"en-US"},{"@type":"Organization","@id":"https:\/\/info.learnlab.net\/smj\/#organization","name":"Learnlab Lulesamisk","url":"https:\/\/info.learnlab.net\/smj\/","logo":{"@type":"ImageObject","inLanguage":"en-US","@id":"https:\/\/info.learnlab.net\/smj\/#\/schema\/logo\/image\/","url":"https:\/\/info.learnlab.net\/smj\/wp-content\/uploads\/sites\/23\/2024\/07\/learnlab-logo.svg","contentUrl":"https:\/\/info.learnlab.net\/smj\/wp-content\/uploads\/sites\/23\/2024\/07\/learnlab-logo.svg","caption":"Learnlab Lulesamisk"},"image":{"@id":"https:\/\/info.learnlab.net\/smj\/#\/schema\/logo\/image\/"}}]}},"_links":{"self":[{"href":"https:\/\/info.learnlab.net\/smj\/wp-json\/wp\/v2\/pages\/2823","targetHints":{"allow":["GET"]}}],"collection":[{"href":"https:\/\/info.learnlab.net\/smj\/wp-json\/wp\/v2\/pages"}],"about":[{"href":"https:\/\/info.learnlab.net\/smj\/wp-json\/wp\/v2\/types\/page"}],"author":[{"embeddable":true,"href":"https:\/\/info.learnlab.net\/smj\/wp-json\/wp\/v2\/users\/2"}],"replies":[{"embeddable":true,"href":"https:\/\/info.learnlab.net\/smj\/wp-json\/wp\/v2\/comments?post=2823"}],"version-history":[{"count":11,"href":"https:\/\/info.learnlab.net\/smj\/wp-json\/wp\/v2\/pages\/2823\/revisions"}],"predecessor-version":[{"id":3463,"href":"https:\/\/info.learnlab.net\/smj\/wp-json\/wp\/v2\/pages\/2823\/revisions\/3463"}],"wp:attachment":[{"href":"https:\/\/info.learnlab.net\/smj\/wp-json\/wp\/v2\/media?parent=2823"}],"curies":[{"name":"wp","href":"https:\/\/api.w.org\/{rel}","templated":true}]}}